 y and d?
36
Let r = 19 - 17. Let p(n) = 10 + 3*n**2 - 2*n**r - 1. Let w be p(6). What is the greatest common factor of 5 and w?
5
Suppose -268 = -2*x - l, 2*x - 288 = 6*l - 2*l. Let z = 11 - -6. Calculate the highest common divisor of x and z.
17
Suppose -4*a + 58 = 5*u - 2*u, -70 = -5*a - 5*u. Calculate the highest common divisor of a and 2.
2
Let r(j) be the second derivative of 5*j**3 + 55*j**2/2 + 57*j. Let u be r(4). What is the greatest common divisor of 70 and u?
35
Suppose -m - 8 = -3*m + 4*z, 0 = z. What is the greatest common divisor of m and 44?
4
Suppose -3*q + 33 + 78 = s, -4*s + 494 = 2*q. Calculate the highest common factor of 1722 and s.
42
Suppose 0 = -3*r + 80 + 70. Let n = -127 - -74. Let a = -28 - n. Calculate the highest common divisor of r and a.
25
Let r = -7 - -13. Let y be 2/(-8) + (-548)/32*-2. Suppose 2*u - y = 2*s, -u - 3*s - 2 = -11. What is the highest common divisor of r and u?
3
Let w be (-27)/(-2)*(-16)/3. Let t be 18/2*(9 + -11). Let r = t - w. Calculate the greatest common factor of r and 6.
6
Let f(a) = -10*a + 17. Let n be f(8). Let x = n + 66. Calculate the greatest common divisor of 33 and x.
3
Let v be (-1 - 1)*24/(-16). Let l be 20/v*84/35. Let g = -292 - -468. Calculate the highest common divisor of l and g.
16
Let c be (5/2)/(13/26). Suppose 0 = -c*n + 25 + 65. Let b(i) = i**3 + 4*i**2 - 5*i - 2. Let j be b(-4). Calculate the highest common divisor of j and n.
18
Let u be (-112)/(-24)*30/7. Let b = 38 - u. Suppose 2*i + b = 4*i. What is the highest common divisor of i and 99?
9
Let g be (-240)/(2/(-2))*(-8)/(-16). Calculate the greatest common factor of 48 and g.
24
Let k be 24/(((-25)/5)/(-30)). What is the greatest common factor of k and 9?
9
Let w = -554 - -1050. What is the greatest common divisor of 62 and w?
62
Let b(o) = 4*o + 3. Let a be b(-4). Let d = -1 - a. Let f be ((-24)/(-14))/(3/84). What is the highest common divisor of d and f?
12
Suppose -3*k - 54 = -87. Suppose t + 1 = 2*p - 5*p, 4*p + t = -1. Let c = k - p. What is the greatest common factor of c and 11?
11
Let d be (-215)/(-15)*(2 + -3 + 40). Calculate the greatest common divisor of 13 and d.
13
Let o = -2 + 3. Let v(f) be the third derivative of f**5/4 + 2*f**2 + 39*f. Let q be v(o). What is the greatest common factor of q and 120?
15
Let s(g) = -8 - 25*g + 63 - 15*g**2 + g**3 - 7*g**2. Let y be s(23). Calculate the greatest common divisor of 6 and y.
3
Let a be 36/(-3)*(-1 - 0). Let d(k) = -6*k**3 + 2*k**2 + k - 1. Suppose -4*r + 2 = -6*r. Let x be d(r). What is the greatest common divisor of x and a?
6
Let d = 27 + 8. Let k = d - 21. What is the greatest common factor of 21 and k?
7
Suppose -9449 = 41*n - 22733. What is the highest common factor of n and 84?
12
Let b be 24/10*(-45)/(-6). Suppose 5*x - l - 153 = -b, 4*x - 87 = 5*l. Let y(p) = 12*p - 4. Let c be y(5). Calculate the highest common factor of c and x.
28
Let i(j) = j**3 + j - 11*j + 23*j + 21 - 15*j**2. Let x be i(14). What is the highest common factor of 161 and x?
7
Let h = 107 - 78. Calculate the greatest common divisor of h and 5.
1
Suppose 144 = 3*g + l + 2*l, 2*g - 105 = l. Let x = g - 26. What is the highest common divisor of x and 5?
5
Let l = -14 + 31. Let j be 228/44 + (-2)/11. Suppose -4*p - j*o + 93 = 0, 4*o + 65 = -p + 6*p. Calculate the greatest common divisor of l and p.
17
Let b be (-110)/(-6) + 3/(-9). Let z = 17 + 1. Calculate the greatest common divisor of z and b.
18
Suppose 142 = 4*y - 98. What is the greatest common divisor of y and 160?
20
Let i be 5/((-55)/(-10496)) - 76/418. What is the greatest common divisor of i and 18?
18
Let l = -142 + 218. Let h = l + -38. What is the highest common divisor of 57 and h?
19
Let r(o) = -o**3 - 3*o**2 - o + 2. Let v be r(-3). Let z(p) = 5*p + 15. Let u be z(-2). What is the greatest common divisor of u and v?
5
Let h = -1569 + 1744. What is the greatest common factor of 385 and h?
35
Suppose 7 = -2*s - 3. Let i be (8/s)/((-2)/5). Let l(f) = -2*f**2 - 32*f - 28. Let y be l(-15). What is the highest common divisor of i and y?
2
Let r = -1291 + 1971. Calculate the greatest common factor of 255 and r.
85
Let h(c) = -3 - 1 + 5 + 7 - 50*c. Let s be h(-6). What is the greatest common divisor of 28 and s?
28
Let t = 28 - 21. Suppose t = 4*i - 5. Suppose -i*f + 88 = u + u, 0 = -f - 5*u + 38. What is the highest common factor of f and 140?
28
Let w = 3033 - 961. What is the highest common factor of w and 74?
74
Let x(p) = 71 - p**2 + 3*p - 26 - 18 - 19. Let s be x(4). Suppose 40 = s*c - 2*h - 34, 3*h + 48 = 3*c. Calculate the highest common divisor of 14 and c.
7
Let l be (19 + -17)/(344/(-174) - -2). What is the greatest common divisor of 232 and l?
29
Let j = -1160 - -1187. What is the greatest common factor of 2 and j?
1
Let b be (-362)/3 - (-6)/9. Let l = -201 - b. Let j = l - -120. Calculate the highest common divisor of 13 and j.
13
Let d be 2/8 - 7/28. Suppose -3*b + b + 42 = d. Suppose -2*y = -71 - b. What is the highest common divisor of y and 69?
23
Suppose 29*b - 28*b = 3. Suppose -b*h - 3*r = -5*r - 237, 2*h - 3*r - 153 = 0. What is the highest common divisor of 9 and h?
9
Let y(w) = -w**2 + 5*w - 2. Let v be y(2). Suppose i - q - 6 = 0, v*i - 4*q - 16 = i. What is the highest common factor of i and 4?
4
Let v be (1 + -3)*(-9 + 1). Let n(f) = 3*f - 15. Let h be n(v). Calculate the greatest common divisor of h and 11.
11
Let y(j) = 5*j**3 - j**2 - 3*j. Let d be y(2). Let m be 41/(4 + -3) + 4. What is the greatest common divisor of d and m?
15
Suppose 3*p - 2*t = 35, 2*p + t - 5 = p. Let g = -2 + p. Suppose 9*h = g*h + 18. Calculate the highest common divisor of h and 99.
9
Let j(i) = 7*i + 7. Let u be j(5). Let f = -133 + 113. Let b = f + u. What is the greatest common divisor of b and 33?
11
Let g be 235/((-2)/(-4 - -2)). What is the greatest common factor of 141 and g?
47
Let u be -1 - (3/(2 - 5) + -131). Let q = u + -104. Calculate the greatest common factor of 216 and q.
27
Suppose 0 = -6*q + 2*q - 76. Let j = -23 - q. Let c be 1/(j/(-17 + 1)). Calculate the greatest common divisor of 44 and c.
4
Let z(p) = -41*p - 347. Let o be z(-9). Calculate the highest common divisor of 22 and o.
22
Let b = -16 - -22. Suppose -66 = -b*h + 3*h. Suppose 0*o + 3*o - 2*j - 6 = 0, 0 = -4*o - 2*j + h. What is the highest common factor of 28 and o?
4
Let l(g) = -8*g + 3. Let m be l(3). Let d = 0 + 40. Let w = d + m. Calculate the greatest common factor of w and 19.
19
Let z be (-22)/55 + 84/10. Suppose -p - z = -c - 0*p, -5*c + 4*p + 35 = 0. Suppose c*f = 4*f - 27. Calculate the highest common factor of f and 108.
27
Suppose 2*j - 3*y - 3 = 34, -5*j = -y - 47. Suppose n = 5*p - 280, -p = -0*p + 5*n - 56. Calculate the greatest common divisor of p and j.
8
Let q be ((-8)/(-4))/((-1)/(-6)). Let b be (-8)/(-12) + 4/24*104. Calculate the greatest common factor of q and b.
6
Let g(m) = m + 1. Let k be g(11). Let z be (8/6)/(2/(-36)). Let v = z - -32. Calculate the greatest common divisor of k and v.
4
Let o = -18 - -29. Let k = o + -8. Suppose -k*a + 2*a + 432 = 3*c, 2*c = -a + 289. What is the highest common divisor of c and 13?
13
Suppose -2*g = -6*g + 144. Let r(i) = -2*i - 13. Let d be r(-9). Suppose -d*l + 47 = 2. What is the highest common factor of g and l?
9
Let n = -10 - -10. Let k be n + 90 - (1 - -1). Let g(i) = -i**3 - 10*i**2 - 12*i - 5. Let q be g(-9). Calculate the greatest common divisor of q and k.
22
Suppose -5*m = 6*z - 109, 2*z = -2*m + 15 + 27. Let v(s) = s**3 - s + 119. Let x be v(0). Calculate the highest common divisor of x and m.
17
Let u = -144 - -261. Suppose 5*l - c - 365 = 0, 4*c + 5 = 5*c. Let h = -61 + l. Calculate the greatest common factor of u and h.
13
Let r be 2 + (0 - (-1 - -3)). Suppose r = -0*x + 7*x - 28. Calculate the highest common divisor of 2 and x.
2
Let s be 10/(-5)*(-2)/(-8)*-110. What is the greatest common divisor of s and 5?
5
Let a(x) = x**3 - 12*x**2 + 12*x + 14. Let m be a(11). Suppose -22 = -3*i - 7. Suppose i*j = 95 + m. Calculate the greatest common factor of j and 36.
12
Let r be (-27)/36 - 30/(-8). Suppose 4*f + 7 = 55. Let l = f + r. What is the greatest common divisor of l and 15?
15
Suppose 343 = 2*b + 5*d - 8*d, -4*b + 707 = d. What is the greatest common f